actors of (-642)/(-9)*(-15)/20*-4.
2, 107
Suppose -6*t + 16*t - 4260 = 0. List the prime factors of t.
2, 3, 71
Let d(x) = x**3 + 9*x**2 + 9*x - 8. Let a be 4/10 + (-1078)/70. Let z be ((-56)/20)/((-6)/a). What are the prime factors of d(z)?
3
Suppose -2*t = 5*q + 15, -2*t + 5*q + 7 = -8. Let w = -51 - -70. Suppose x - w - 22 = t. What are the prime factors of x?
41
Suppose 2005*s + 20580 = 2011*s. What are the prime factors of s?
2, 5, 7
Let b(g) = -g + 16. Let v be b(10). Suppose -2*y = -2*l - 10, -3*y - 4*l + 0*l = v. Suppose -o + 31 = -2*i, y*o - 3*o = -5*i - 46. List the prime factors of o.
3, 7
Let c = 186 + 357. Suppose 3*q - c = -3*z, -4*q + 5*z + 775 = 87. List the prime factors of q.
3, 59
Suppose 0 = 2*a - a - 65. Let g = a - 19. Let o = g + -28. List the prime factors of o.
2, 3
Let y(j) = -j**3 + 18*j**2 + 8*j + 42. What are the prime factors of y(14)?
2, 7, 67
Suppose 2*k + 4*t - 991 = 5851, -2*t = 6. List the prime factors of k.
23, 149
Suppose 6*g - 3241 = 1799. Suppose 0 = 5*m + 195 - g. What are the prime factors of m?
3, 43
Let w(j) = -5*j + 35. Let z be w(7). Suppose z = -46*q + 52*q - 792. What are the prime factors of q?
2, 3, 11
Let v = 13 + -16. List the prime factors of (1 + 0)/(v*8/(-1776)).
2, 37
Suppose 4*d + 5*n - 1476 = 0, 0 = -d - 0*n + 2*n + 382. Suppose 935 = 4*a + a - x, -2*x = -2*a + d. What are the prime factors of a?
11, 17
Suppose 421*f - 428*f + 4823 = 0. List the prime factors of f.
13, 53
Let p(h) = 9*h - 8. Let q(d) = d**2 + 6*d + 12. Let a(m) = m**3 + 11*m**2 - m - 16. Let l be a(-11). Let u be q(l). What are the prime factors of p(u)?
5, 11
Let b(x) = -x - 1. Let z(t) = -15*t - 37. Let o(a) = -4*b(a) - z(a). List the prime factors of o(11).
2, 5
Suppose y - 5 = 0, 0*u + 12 = u + 2*y. Let x(b) = 5*b**2 - b - 2. Let f be x(u). Let p = f - -31. List the prime factors of p.
47
Suppose -7*r = 31 + 4. Let x(t) = t**3 + 12*t**2 - 5*t + 5. List the prime factors of x(r).
5, 41
Let k = -17 - 1. Let z be (-12)/k + 100/3. Let m = z - 6. What are the prime factors of m?
2, 7
Let y(f) be the second derivative of f**5/20 + 2*f**4/3 + 7*f**3/6 - 3*f**2/2 - 15*f. Suppose 0 = 4*n + n + 30. What are the prime factors of y(n)?
3
Let m(a) = 4*a + 24. Let r be m(-6). Suppose r = -6*x + 287 + 553. What are the prime factors of x?
2, 5, 7
Suppose -4*g - 3*h = -388 - 549, 5*h - 230 = -g. List the prime factors of g.
5, 47
Suppose 132*s - 129*s - 189 = 0. Let y = s + -33. What are the prime factors of y?
2, 3, 5
Let g = -4 - -14. Suppose g = -2*v + 16. List the prime factors of -2 - 0 - -7*v.
19
Suppose 0 = 4*x - 12, -3*s = -4*s + x - 1. Let b(f) be the third derivative of f**5/20 + f**4/8 + f**3/3 - 2*f**2 - 34*f. List the prime factors of b(s).
2, 5
Let t(y) = -2*y**3 + 14*y**2 - 13*y + 9. Let j be t(6). Suppose 4*i - 593 = -j*q, -2*i + 24 = -q - 285. What are the prime factors of i?
2, 19
Let k(z) = 99 + 0*z + 52*z - 106. List the prime factors of k(5).
11, 23
Suppose 7*h = 3*h - 1404. Let w be (-3)/15 - h/5. Suppose 6*z - w = z. List the prime factors of z.
2, 7
Let m(p) = -p**3 - 2*p**2 + p - 5. Let g be m(-3). What are the prime factors of ((-544)/(-10) - g) + 24/40?
2, 3
Let w be 5 + -5 - -14 - 5. Suppose 3*i - 3 = 0, -4*a + w*a - i - 1054 = 0. What are the prime factors of a?
211
Suppose 0 + 4 = 2*c. Suppose -l + 2*k - 32 = -5*l, -12 = -c*l + k. Suppose 3*f - l*f + 12 = 0, -q + 2*f - 4 = 0. What are the prime factors of q?
2
Let w = 3684 + -2094. What are the prime factors of w?
2, 3, 5, 53
Let n = -13 - -1. Let p = -97 + 66. Let r = n - p. What are the prime factors of r?
19
Let n be ((-14)/28)/(2/(-12)). Let c(d) = d - 5. Let k be c(10). Suppose b - 152 = -3*i + 6*b, -n*b = -k*i + 248. List the prime factors of i.
7
Let i(d) = -d - 16. Let p be i(-18). Suppose p*f - 36 = 5*o, 3*o = -2*o + 20. List the prime factors of f.
2, 7
Let r = -26 + 296. List the prime factors of r.
2, 3, 5
Let d(q) = 2*q + 1. Let o(p) = -p - 10. Let y be o(-6). Let z be d(y). Let c(i) = -i**3 - 8*i**2 - 9*i - 3. What are the prime factors of c(z)?
11
Let b be (-2 - 2 - -3)*-3. Suppose -38 = -b*p + r, 5*p - 53 - 29 = -3*r. Suppose -p - 38 = -2*d. What are the prime factors of d?
2, 13
Suppose 110 = 6*o - 232. Suppose -2*w + o = -4*p + 7*p, -2*p = -w + 25. List the prime factors of w.
3
What are the prime factors of (1 - -115)*(18 + 5)?
2, 23, 29
Let i(m) = -m**3 - 23*m**2 + 46*m + 78. What are the prime factors of i(-25)?
2, 89
Let p be 3*(0 + -1 + 2). Let s be (-20)/24*-8*p. List the prime factors of (-810)/(-14) + s/140.
2, 29
Let u(c) = -15*c + 474. List the prime factors of u(0).
2, 3, 79
Let b(m) = 3*m**2 - 3*m - 33. What are the prime factors of b(13)?
3, 5, 29
Let z(p) = -331*p - 303. List the prime factors of z(-7).
2, 19, 53
Suppose 0 = -16*s + 13*s + 3321. List the prime factors of s.
3, 41
Let r(p) be the third derivative of 0 - 3*p**2 + 0*p - 2/3*p**3 - 1/24*p**4 - 1/120*p**6 + 0*p**5. What are the prime factors of r(-3)?
2, 13
Let f(c) = -c**3 - c**2. Let l be f(0). Let g = l + -3. List the prime factors of g/9 + (-130)/(-3).
43
Let m = -1286 - -3780. List the prime factors of m.
2, 29, 43
Let x(u) = -2*u**2 + 73*u + 56. What are the prime factors of x(34)?
2, 113
Let a = 994 + -802. What are the prime factors of a?
2, 3
List the prime factors of 8*((-18)/48)/((-3)/1398).
2, 3, 233
List the prime factors of (-5)/10 + (-343)/(-2).
3, 19
Suppose -3*z = 3*f + 21, 4*f - 3*z - 13 + 55 = 0. Let l = 17 + f. What are the prime factors of l?
2
Let h(s) = -5*s**3 + 7*s**2 + 9*s - 4. Let x be h(-5). Suppose 0 = 5*f - 854 - x. List the prime factors of f.
3, 107
Suppose 5*l - 1483 = -3*t, -3*l + 2*t = -161 - 725. What are the prime factors of l?
2, 37
Let r(h) = -h**3 + 13*h**2 - 8*h - 16. Let y be r(11). Suppose -135*q - 144 = -y*q. List the prime factors of q.
2, 3
Suppose -14*g + 836 = 24*g. List the prime factors of g.
2, 11
Suppose 6234 = 6*x - 3*x - 3*w, -5*w = -3*x + 6240. What are the prime factors of x?
5, 83
Let w be 95/25 - (-3)/15. Suppose g - 5*x + 1 = 11, 3*g - 74 = w*x. Suppose g = -11*a + 13*a. List the prime factors of a.
3, 5
Let r(j) = 5*j - 13. Let w be r(7). Let u = 10 - 8. Suppose -w = -u*g + 28. What are the prime factors of g?
5
Suppose -s = -15 + 5. Suppose -3*q + 3*y = -129, 4*y - 2*y = s. Suppose -4*j - 3*o = -0*j - q, 5*o + 65 = 3*j. What are the prime factors of j?
3, 5
Suppose 0*z + 19 = z + 2*v, 0 = -3*v + 6. Let k be (40/(-6))/((-10)/z). Let x(g) = -g**2 + 12*g - 10. List the prime factors of x(k).
2, 5
Suppose -2*s + 30 = 3*z - 2, -2*z + 36 = 2*s. Suppose -118 = -5*u + s. What are the prime factors of u?
2, 7
Let d = 9 + 312. Suppose -4*k + 321 = 3*w - 0*w, -3*w = 3*k - d. What are the prime factors of w?
107
Let z be (-6 - 82)/(2/(-2)). Let u = -27 + z. Suppose 0 = v + 5*x - 17, -3*v - 4*x = -u - 1. List the prime factors of v.
2, 11
Let x(p) = 13*p - 22. Let n be x(2). Let b(a) = -8*a + 39. List the prime factors of b(n).
7
Suppose -336 = -n - k, 2*k - 5*k + 667 = 2*n. Let h = -36 + n. List the prime factors of h.
5, 61
Let a = 40 - 19. Suppose -3*l + 2*l + a = 0. List the prime factors of l.
3, 7
Let u(x) = 1042*x - 388. What are the prime factors of u(5)?
2, 2411
Let u be (-224)/(-49) - (-12)/28. List the prime factors of (-1)/(-1) - (u - 132).
2
Let g(t) = 3*t - 1. Let o be g(1). Suppose o*k + 5*z - 41 = -7, 2*k = -z + 42. What are the prime factors of k?
2, 11
Let s(y) = -22*y**3 - 2*y**2 - y. Suppose 3*x = -9 - 18. Let l = x + 8. What are the prime factors of s(l)?
3, 7
Suppose 100*g + 2947 = 4*k + 101*g, -718 = -k - 4*g. List the prime factors of k.
2, 3, 41
Let a(o) = o**3 + 12*o**2 + 30*o - 183. List the prime factors of a(10).
7, 331
Let h = 3 + 170. What are the prime factors of h?
173
Let j(u) = 53*u - 240. List the prime factors of j(14).
2, 251
Suppose 0 = -8*h - 427 + 4579. List the prime factors of h.
3, 173
Let w be (-4)/(-8)*(2 - 0). Let j be (-3 - 1)/(-3 + w). Suppose 3*r + v - 43 = 0, -5*r - 3*v = -j*v - 73. List the prime factors of r.
3, 5
Let c(g) = -g**2 - 13*g - 9. Let k be c(-11). Suppose -k*x + 15*x = 38. Let y = 47 - x. What are the prime factors of y?
2, 7
Suppose 272 = 6*v - 4*v - 3*c, -v + 4*c + 141 = 0. Suppose 3*r - 4*s - 703 = 0, r + 4*s - 112 - v = 0. List the prime f